1) + 0 + (-20 - 0 - (-203 - -189))?
-5
-63 + (-17 + -6 - (-45 - -36))
-77
What is the value of (-265 - -250) + (90 - 1) + 1 + -5 + 11?
81
What is the value of 13 - (0 + 6) - -80 - (0 - (0 - 4))?
83
Evaluate 79 + 120 + 0 - 133.
66
Evaluate 0 - 10 - (4 - 9) - 7 - (32 + -100).
56
What is the value of (-42 - -48) + (-1 - 8) - -1 - -35?
33
-154 + 161 - (3 + -2 + 2) - (82 - -2)
-80
-10 - 0 - (-289 - -308)
-29
((7 - -10 - 1) + -4 - (-80 + 2)) + 2
92
Evaluate (28 - 1) + -24 - (-29 + -6).
38
Evaluate (3 - -4 - 1 - 22) + 4 + 30.
18
-2309 - -2431 - (244 + -4)
-118
Evaluate 18 + (8 - (12 - (18 + -15 + -1))).
16
What is the value of (3975 - 3907) + -1 + (0 - -1) + 12?
80
What is 12 - ((3 - 23) + -27 + 42)?
17
What is 43 + (-32 - (-5 + -17 - -6)) - 4?
23
What is 2 - (-4 + -4 + (24 - 17) + -11)?
14
Calculate (18 + 85 - 3) + -50.
50
What is 0 + (-20 + 42 - 18)?
4
Calculate -9 + (-2 + -13 + 11 - (-68 + (4 - 2))).
53
What is 48 - (2 + 2 - (-12 - -22) - (0 + -7))?
47
Calculate -12 + (73 - -28 - 66).
23
What is -86 - -76 - (-2 + (9 - 3) + -1)?
-13
What is the value of 48 + 14 + (-7 - (-15 + 17 + 9))?
44
Calculate (33 - -1) + -44 + 0.
-10
What is (-173 + 247 - (42 + 6)) + 0 + (1 - -1)?
28
Evaluate (-1 + (-1 - 0) - (-1303 - -1297)) + 14.
18
What is the value of (20 - 18) + -12 + 18 + -16 - -58?
50
What is the value of 45 + (-2 - 22 - -10) + 3 + 5?
39
What is the value of -7 + 28 + -23 - -18 - 15?
1
Evaluate 3 + 16 + -30 + 5 + 9 - -24.
27
What is the value of 33 + -37 + 31 + (-10 - 0)?
17
What is the value of (11 + 19 + 0 + -16 - 3) + -38?
-27
Calculate (-9 - 56) + (-4 - -32).
-37
What is -151 - -86 - (-22 + -5)?
-38
Calculate 21 - (-19 + 2) - (-6 - -17 - 10).
37
(-28 - 8 - -51 - -28) + 9
52
What is the value of 5 - (-13 - -3 - (-24 - 1 - (-3 - -4)))?
-11
Evaluate -141 - -2 - (-151 - (190 + -307)).
-105
Calculate 13 + 20 + -14 + (-32 - -25) + -58.
-46
Evaluate -23 - ((16 - ((23 - -7) + 1)) + (1 - -2)).
-11
Calculate ((-3 - 9) + (-3 - -2) - 0) + 53.
40
(-1 - -28) + 15511 + -15551
-13
46 + (38 - (-5 + 106))
-17
18 + -14 + (22 - 22) - 59
-55
0 + 3 + -1 + (24 - 27 - (23 + -7))
-17
Evaluate -162 + (70 - (12 + 23)).
-127
Evaluate (-2 - -4 - (5 + 5)) + -5.
-13
What is -1 + 8 + 39 + -31 + -8 + 2?
9
13 + -40 + 25 + -25 + (-3 - -1) + -2
-31
Calculate (-232 - -351) + (-4 + 11 + -4 - -2).
124
What is the value of -85 + 13 + 162 + -22?
68
Evaluate -105 + 102 + 35 + -2 - 17 - (-1 - -7).
7
(-31 - -6) + 6 + (105 - (-17 + 37))
66
What is 54 + -79 + 0 + -4 + 4 + 8?
-17
Evaluate 0 + (10 - (7 + -11 - 26)) - 8.
32
Calculate -34 - (18 + -40 - -1 - -10).
-23
Calculate -59 - ((6 - 9) + (-6 - (1 + (8 - 22)))).
-63
Evaluate 17 + -11 - (28 + (30 - 17)).
-35
Evaluate 250 + -200 + -22 - (25 - -1).
2
What is the value of 100 + 19 + -61 - 40?
18
What is -18 + 30 + 9 + -19 + -87 + -1?
-86
What is (-9 - -15 - 36) + 15 + -18 + 20?
-13
What is the value of (4 - (3 - 12 - 7) - (76 - 61)) + 25?
30
What is the value of -104 + 5 + 4 + -22 + -40 + 60?
-97
What is the value of 56 + (4 + -6 - (-86 + 67))?
73
Evaluate 21 - 3 - -29 - 42 - (0 - -2 - -90).
-87
Calculate 1 + -12 + -57 + (7 - (13 + -19)) + -3.
-58
Calculate -1 + (-23 - -7 - -26) + (0 - -5).
14
What is 0 - -54 - (4 + (18 - 9 - 10) + -14)?
65
(34 - (63 + -56)) + -78
-51
Calculate -17 + (-3 - (-33 + 12) - -46) + 8.
55
Calculate 38 - 49 - (38 + -29).
-20
What is the value of 51 - -75 - (551 + -364)?
-61
Evaluate -496 + 504 + (2 - -11).
21
What is -35 - (0 - -13 - (-2 - 2 - -5))?
-47
What is the value of 37 - (2 - -40 - 55)?
50
Calculate (-1309 - -1316) + (-19 + -2 - 2).
-16
What is -2 - (-24 + -24) - (26 - 3)?
23
Calculate (-44 - -9) + (7 - (-39 + 16)).
-5
What is -39 + (-460 - -480) + -46 + 0?
-65
What is (6 - (-4 - -25)) + 1 - (-232 + 90)?
128
Calculate -8 + (21 - -10) + -37 + -1 + 11 + -60.
-64
Evaluate (1433 - 1462) + (10 - ((3 - 0) + -1)).
-21
(4 - 78) + 57 + 96 + -2 + 3
80
(60 - -22 - 38) + 55 + -83
16
Evaluate (62 - (32 - 5 - -3)) + (0 - -6).
38
Evaluate -1 - -92 - ((-23 - (-5 - -6)) + 264 + -230).
81
Calculate -7 - (-5 + (29 - (40 - 17))).
-8
What is the value of -8 + (-8 - -5) + 4 + (2 - -21)?
16
What is the value of 25 - ((57 - -52) + -114)?
30
What is the value of (-34 - (20 + -36)) + 1 + 61?
44
Calculate -3 + (-14 - -8) - (15 + -3 + 6).
-27
Evaluate (-85 - (-3 + 1) - (-3 + 6)) + 415 + -430.
-101
66 - (-13 + 0 - ((-53 - -32) + 2))
60
Evaluate 1 + 12 + 0 + (-10 - 2) + 0 + 10.
11
Evaluate -769 + 772 + (-1 - (3 - 9)) - (-1 - 36).
45
What is the value of -32 - (149 + (70 - 139))?
-112
Calculate -9 + (87 - ((-1 - -2) + -10)) - 9.
78
What is the value of -43 + 106 + 68 + -108?
23
What is 13 + -2 - 11 - 20 - -64?
44
Calculate -41 - (-29 + -35 + 17).
6
What is the value of 9 + 1 + 2 + 0 + (2 - 8) + -81?
-75
What is 1 + 49 + 53 + -43 + -3 + -13 + 0?
44
Evaluate -16 - (17 + (19 - 29) - 12).
-11
Calculate -2 + 43 + -127 + (-5 - -9).
-82
What is -29 - (-50 + (-6 - 21))?
48
Evaluate 41 - (-23 - -44) - (1 - -62).
-43
What is 8 - (1 - 25 - (-156 - -138))?
14
What is -72 + 178 + -44 + -144?
-82
What is (6 - 6) + (-50 - 1 - (15 - (26 - 19)))?
-59
Calculate -42 - (38 - 136 - -17).
39
What is -9 + (9 - ((-15 - -30 - 8) + -3))?
-4
What is the value of 7 + 0 - -2 - (130 - 240 - -109)?
10
What is the value of -26 - (32 + (-100 - 9))?
51
Evaluate -50 + -1 + -64 + (-98 - -143).
-70
Calculate (18 - (-15 + -9)) + -11 + 7 + 8.
46
Calculate -33 + -2 + 23 - (-62 - -4) - 17.
29
Calculate 57 - (70 + 19) - (3 - (-3 + -10) - 3).
-45
What is the value of 5 + -4 - (-21 - 1) - (663 + -652)?
12
What is the value of 32 + -58 + 6 + 27 + 64?
71
Evaluate 45 - 16 - 25 - (-134 - (-4 + 3) - -3).
134
Calculate -18 - (-60 - -67 - (-18 - 1)).
-44
Calculate -28 + -3 - 1 - (187 - 202) - 64.
-81
What is 564 + -564 - (-2 + 0)?
2
What is 1 + 1 + (356 - 324)?
34
What is (-21 + 0 - (-203 - -207)) + -21?
-46
(-13 - 3 - 3) + (29 - (38 - 11))
-17
What is the value of 33 - 2 - (-691 + 746)?
-24
(-2 - (-57 - -113)) + -38
-96
-18 - (14 - (-52 - -50)) - 48
-82
-8 + -1 - (28 - (-14 + 12 + 5))
-34
Evaluate -5 - (-8 + -3 - -5) - ((17 - 3) + -52).
39
Evaluate -51 + (-60 - -11 - -110).
10
What is the value of 59 + -88 + 42 + -50?
-37
What is the value of (15 - (32 + 34 + -8)) + 11 + 0?
-32
Calculate 32 - (72 - 55 - -53).
-38
Evaluate 24 - (-4 - (-28 + 33)).
33
What is -83 + -76 - -110 - -42?
-7
Calculate 13 - 1 - (2153 - 2177).
36
What is 17 - (-2 + 24) - (-5 - 38)?
38
What is the value of -19 + (14 - -48) + 81 + -109?
15
37 - (-1 + (-1 - (1 - (4 - -10))))
26
What is -1 - -55 - (-2 - -17 - (62 + -46))?
55
0 - (11 - (0 - (-1 + 0)) - (-1497 + 1490))
-17
What is -1 + 0 + (-31 - (-20 + -27) - -8)?
23
Calculate 9 - (-391 + 401 + -2 + -12) - (-8 - -1).
20
-56 + 89 - (82 - 28)
-21
What is the value of 13 + (-56 + 2 - (254 + -267))?
-28
-75 + 19 + -21 + (-7 - (6 - 8))
-82
Evaluate 26 + 16 + -26 + -19 + 103.
100
What is the value of (11 - 22 - 0) + (-5 - -5) + (1 - 67)?
-77
-12 + 42 + 16 + -53
-7
66 + -1 + (-3062 - -2921)
-76
Evaluate 6 - -130 - (-4 - 30 - (165 - 217)).
118
What is the value of 14 - (-1 + -1 + -10 + -8)?
34
What is the value of -1 - (-5 - -10) - (4 + (8 - (-15 - 2)))?
-35
What is the value of 26 + 0 + (41 - (81 + -61))?
47
-23 - -17 - (39 + 7)
-52
Calculate 13 + -4 + (-2 - 2) + -36.
-31
What is the value of 35 + 7 + -31 + 30 + (-3 - 17)?
21
Calculate -8 - ((-57 - (-8 - 27)) + -77).
91
What is 53 + (7 + -1 - 6) + 10 - -3?
66
What is the value of -60 + (16 - 13 - -55)?
-2
Calculate -1 - 118 - (-163 - 42).
86
Evaluate 16 + (-3 - (8 - (-3 + -9))) - -115.
108
Calculate (175 - 155) + 0 + -14 + -23.
-17
-1412 + 1366 + -19 + -3
-68
What is the value of -7 - (38 - (-19 + 24 + -1 + -1))?
-42
Calculate 6 - (-33 + (68 - 27) - (3 + -16 + 3)).
-12
Calculate 113 + -247 - -66 - -168.
100
Evaluate -106 + 11 + 27 + 104.
36
Evaluate -145 + 1 + 27106 + -27044.
-82
-701 + 730 + 4 + -2 + -1 + -15 - 28
-13
Calculate -2 + (1 - -1) + 3 + (43 - 70).
-24
-14 - (-110 - -14 - -80)
2
What is the value of 86 + -106 - (-13 - 14)?
7
What is the value of 13 + 14 + (-30 - ((38 - 25) + -25))?
9
What is 315 - 370 - (-1 + -22)?
-32
What is the value of -71 + (2 - 47) + 100?
-16
Calculate 49 + 31 + 0 + -58.
22
Evaluate 100 + (-64 - -209 - 206).
39
Calculate -56 + -26 + 87 + -16 + (84 - 2) + 2.
73
Calculate 6 - (-5 - (-9 + 3) - -2